{"id":646,"date":"2020-08-28T17:16:49","date_gmt":"2020-08-28T17:16:49","guid":{"rendered":"https:\/\/saomiguelarcanjoitacare.com.br\/?page_id=646"},"modified":"2020-08-28T17:16:53","modified_gmt":"2020-08-28T17:16:53","slug":"capela-da-localidade-do-cajueiro","status":"publish","type":"page","link":"https:\/\/saomiguelarcanjoitacare.com.br\/?page_id=646","title":{"rendered":"Capela da Localidade do Cajueiro"},"content":{"rendered":"\n<p><strong>\u00c1rea Rural de Taboquinhas<\/strong><\/p>\n\n\n\n<p><strong>PADROEIRA: <\/strong><strong>Nossa Senhora da Concei\u00e7\u00e3o<\/strong><\/p>\n\n\n\n<p><strong>DATA DA MISSA FESTIVA: <\/strong>\u00faltimo domingo de dezembro<\/p>\n\n\n\n<figure class=\"wp-block-gallery columns-2 is-cropped wp-block-gallery-1 is-layout-flex wp-block-gallery-is-layout-flex\"><ul class=\"blocks-gallery-grid\"><li class=\"blocks-gallery-item\"><figure><img loading=\"lazy\" decoding=\"async\" width=\"1024\" height=\"576\" src=\"https:\/\/saomiguelarcanjoitacare.com.br\/wp-content\/uploads\/2020\/08\/CAPELA-DA-LOCALIDADE-DO-CAJUEIRO-1-1-1024x576.jpg\" alt=\"\" data-id=\"647\" data-full-url=\"https:\/\/saomiguelarcanjoitacare.com.br\/wp-content\/uploads\/2020\/08\/CAPELA-DA-LOCALIDADE-DO-CAJUEIRO-1-1.jpg\" data-link=\"https:\/\/saomiguelarcanjoitacare.com.br\/?attachment_id=647\" class=\"wp-image-647\" srcset=\"https:\/\/saomiguelarcanjoitacare.com.br\/wp-content\/uploads\/2020\/08\/CAPELA-DA-LOCALIDADE-DO-CAJUEIRO-1-1-1024x576.jpg 1024w, https:\/\/saomiguelarcanjoitacare.com.br\/wp-content\/uploads\/2020\/08\/CAPELA-DA-LOCALIDADE-DO-CAJUEIRO-1-1-300x169.jpg 300w, https:\/\/saomiguelarcanjoitacare.com.br\/wp-content\/uploads\/2020\/08\/CAPELA-DA-LOCALIDADE-DO-CAJUEIRO-1-1-768x432.jpg 768w, https:\/\/saomiguelarcanjoitacare.com.br\/wp-content\/uploads\/2020\/08\/CAPELA-DA-LOCALIDADE-DO-CAJUEIRO-1-1.jpg 1032w\" sizes=\"auto, (max-width: 1024px) 100vw, 1024px\" \/><\/figure><\/li><li class=\"blocks-gallery-item\"><figure><img loading=\"lazy\" decoding=\"async\" width=\"1024\" height=\"576\" src=\"https:\/\/saomiguelarcanjoitacare.com.br\/wp-content\/uploads\/2020\/08\/CAPELA-DA-LOCALIDADE-DO-CAJUEIRO-2-1024x576.jpg\" alt=\"\" data-id=\"648\" data-full-url=\"https:\/\/saomiguelarcanjoitacare.com.br\/wp-content\/uploads\/2020\/08\/CAPELA-DA-LOCALIDADE-DO-CAJUEIRO-2.jpg\" data-link=\"https:\/\/saomiguelarcanjoitacare.com.br\/?attachment_id=648\" class=\"wp-image-648\" srcset=\"https:\/\/saomiguelarcanjoitacare.com.br\/wp-content\/uploads\/2020\/08\/CAPELA-DA-LOCALIDADE-DO-CAJUEIRO-2-1024x576.jpg 1024w, https:\/\/saomiguelarcanjoitacare.com.br\/wp-content\/uploads\/2020\/08\/CAPELA-DA-LOCALIDADE-DO-CAJUEIRO-2-300x169.jpg 300w, https:\/\/saomiguelarcanjoitacare.com.br\/wp-content\/uploads\/2020\/08\/CAPELA-DA-LOCALIDADE-DO-CAJUEIRO-2-768x432.jpg 768w, https:\/\/saomiguelarcanjoitacare.com.br\/wp-content\/uploads\/2020\/08\/CAPELA-DA-LOCALIDADE-DO-CAJUEIRO-2.jpg 1032w\" sizes=\"auto, (max-width: 1024px) 100vw, 1024px\" \/><\/figure><\/li><\/ul><\/figure>\n","protected":false},"excerpt":{"rendered":"<p>\u00c1rea Rural de Taboquinhas PADROEIRA: Nossa Senhora da Concei\u00e7\u00e3o DATA DA MISSA FESTIVA: \u00faltimo domingo de dezembro<\/p>\n","protected":false},"author":3,"featured_media":0,"parent":0,"menu_order":0,"comment_status":"closed","ping_status":"closed","template":"","meta":{"colormag_page_layout":"default_layout","pagelayer_contact_templates":[],"_pagelayer_content":"","footnotes":""},"class_list":["post-646","page","type-page","status-publish","hentry"],"_links":{"self":[{"href":"https:\/\/saomiguelarcanjoitacare.com.br\/index.php?rest_route=\/wp\/v2\/pages\/646","targetHints":{"allow":["GET"]}}],"collection":[{"href":"https:\/\/saomiguelarcanjoitacare.com.br\/index.php?rest_route=\/wp\/v2\/pages"}],"about":[{"href":"https:\/\/saomiguelarcanjoitacare.com.br\/index.php?rest_route=\/wp\/v2\/types\/page"}],"author":[{"embeddable":true,"href":"https:\/\/saomiguelarcanjoitacare.com.br\/index.php?rest_route=\/wp\/v2\/users\/3"}],"replies":[{"embeddable":true,"href":"https:\/\/saomiguelarcanjoitacare.com.br\/index.php?rest_route=%2Fwp%2Fv2%2Fcomments&post=646"}],"version-history":[{"count":1,"href":"https:\/\/saomiguelarcanjoitacare.com.br\/index.php?rest_route=\/wp\/v2\/pages\/646\/revisions"}],"predecessor-version":[{"id":650,"href":"https:\/\/saomiguelarcanjoitacare.com.br\/index.php?rest_route=\/wp\/v2\/pages\/646\/revisions\/650"}],"wp:attachment":[{"href":"https:\/\/saomiguelarcanjoitacare.com.br\/index.php?rest_route=%2Fwp%2Fv2%2Fmedia&parent=646"}],"curies":[{"name":"wp","href":"https:\/\/api.w.org\/{rel}","templated":true}]}}