{"id":586,"date":"2020-08-07T23:42:17","date_gmt":"2020-08-07T23:42:17","guid":{"rendered":"https:\/\/saomiguelarcanjoitacare.com.br\/?page_id=586"},"modified":"2020-08-28T17:21:15","modified_gmt":"2020-08-28T17:21:15","slug":"comunidades","status":"publish","type":"page","link":"https:\/\/saomiguelarcanjoitacare.com.br\/?page_id=586","title":{"rendered":"Igreja Bom Jesus de Taboquinhas"},"content":{"rendered":"\n<p class=\"has-medium-font-size\">Itacar\u00e9 &#8211; Bahia &#8211; Brasil<\/p>\n\n\n\n<div class=\"wp-block-image\"><figure class=\"alignleft size-large is-resized\"><img loading=\"lazy\" decoding=\"async\" src=\"https:\/\/saomiguelarcanjoitacare.com.br\/wp-content\/uploads\/2020\/08\/Igreja-de-Tabioquinhas-1-1024x766.jpg\" alt=\"\" class=\"wp-image-588\" width=\"299\" height=\"224\" srcset=\"https:\/\/saomiguelarcanjoitacare.com.br\/wp-content\/uploads\/2020\/08\/Igreja-de-Tabioquinhas-1-1024x766.jpg 1024w, https:\/\/saomiguelarcanjoitacare.com.br\/wp-content\/uploads\/2020\/08\/Igreja-de-Tabioquinhas-1-300x224.jpg 300w, https:\/\/saomiguelarcanjoitacare.com.br\/wp-content\/uploads\/2020\/08\/Igreja-de-Tabioquinhas-1-768x575.jpg 768w, https:\/\/saomiguelarcanjoitacare.com.br\/wp-content\/uploads\/2020\/08\/Igreja-de-Tabioquinhas-1.jpg 1080w\" sizes=\"auto, (max-width: 299px) 100vw, 299px\" \/><\/figure><\/div>\n\n\n\n<p><strong>Hist\u00f3ria<\/strong> &#8211; A Igreja de Bom Jesus de Taboquinhas completou 70 anos de exist\u00eancia em 2019 comemorado no dia 23 de agosto.<br>Segundo relatos de moradores antigos do distrito, \u201cBom Jesus\u201d passou a ser padroeiro deTaboquinhas ap\u00f3s uma hist\u00f3ria de f\u00e9. Por volta do in\u00edcio do s\u00e9culo XX, quando uma doen\u00e7a atingiu um importante morador e agricultor de Taboquinhas, residente na fazenda S\u00e3o Jo\u00e3o, na \u00e1rea ribeirinha do rio de contas. O senhor Juvenal Figueiredo Sampaio e um grupo de amigos bem pr\u00f3ximos foram \u00e0 p\u00e9 at\u00e9 a cidade de Bom Jesus da Lapa, para pagar uma promessa, de onde trouxeram uma imagem da representa\u00e7\u00e3o do sofrimento de Jesus pela humanidade.<br>Da\u00ed ent\u00e3o Bom Jesus passou a ser o padroeiro de Taboquinhas, onde a comunidade escolheu que na mesma data em que se comemora o dia da festa na Lapa, aconteceria tamb\u00e9m os festejos do Bom Jesus de Taboquinhas. E assim a tradi\u00e7\u00e3o permanece viva, com festejos todos os anos, contando com nove dias de prepara\u00e7\u00e3o at\u00e9 chegar ao dia do padroeiro.<\/p>\n\n\n\n<figure class=\"wp-block-gallery columns-4 is-cropped wp-block-gallery-1 is-layout-flex wp-block-gallery-is-layout-flex\"><ul class=\"blocks-gallery-grid\"><li class=\"blocks-gallery-item\"><figure><img loading=\"lazy\" decoding=\"async\" width=\"1024\" height=\"683\" src=\"https:\/\/saomiguelarcanjoitacare.com.br\/wp-content\/uploads\/2020\/08\/taboquinhas1-1024x683.jpg\" alt=\"\" data-id=\"589\" data-full-url=\"https:\/\/saomiguelarcanjoitacare.com.br\/wp-content\/uploads\/2020\/08\/taboquinhas1.jpg\" data-link=\"https:\/\/saomiguelarcanjoitacare.com.br\/?attachment_id=589\" class=\"wp-image-589\" srcset=\"https:\/\/saomiguelarcanjoitacare.com.br\/wp-content\/uploads\/2020\/08\/taboquinhas1-1024x683.jpg 1024w, https:\/\/saomiguelarcanjoitacare.com.br\/wp-content\/uploads\/2020\/08\/taboquinhas1-300x200.jpg 300w, https:\/\/saomiguelarcanjoitacare.com.br\/wp-content\/uploads\/2020\/08\/taboquinhas1-768x512.jpg 768w, https:\/\/saomiguelarcanjoitacare.com.br\/wp-content\/uploads\/2020\/08\/taboquinhas1.jpg 1250w\" sizes=\"auto, (max-width: 1024px) 100vw, 1024px\" \/><\/figure><\/li><li class=\"blocks-gallery-item\"><figure><img loading=\"lazy\" decoding=\"async\" width=\"1024\" height=\"676\" src=\"https:\/\/saomiguelarcanjoitacare.com.br\/wp-content\/uploads\/2020\/08\/taboquinhas2-1024x676.jpg\" alt=\"\" data-id=\"590\" data-full-url=\"https:\/\/saomiguelarcanjoitacare.com.br\/wp-content\/uploads\/2020\/08\/taboquinhas2-scaled.jpg\" data-link=\"https:\/\/saomiguelarcanjoitacare.com.br\/?attachment_id=590\" class=\"wp-image-590\" srcset=\"https:\/\/saomiguelarcanjoitacare.com.br\/wp-content\/uploads\/2020\/08\/taboquinhas2-1024x676.jpg 1024w, https:\/\/saomiguelarcanjoitacare.com.br\/wp-content\/uploads\/2020\/08\/taboquinhas2-300x198.jpg 300w, https:\/\/saomiguelarcanjoitacare.com.br\/wp-content\/uploads\/2020\/08\/taboquinhas2-768x507.jpg 768w, https:\/\/saomiguelarcanjoitacare.com.br\/wp-content\/uploads\/2020\/08\/taboquinhas2-1536x1014.jpg 1536w, https:\/\/saomiguelarcanjoitacare.com.br\/wp-content\/uploads\/2020\/08\/taboquinhas2-2048x1352.jpg 2048w\" sizes=\"auto, (max-width: 1024px) 100vw, 1024px\" \/><\/figure><\/li><li class=\"blocks-gallery-item\"><figure><img loading=\"lazy\" decoding=\"async\" width=\"1024\" height=\"804\" src=\"https:\/\/saomiguelarcanjoitacare.com.br\/wp-content\/uploads\/2020\/08\/taboquinhas3-1024x804.jpg\" alt=\"\" data-id=\"591\" data-full-url=\"https:\/\/saomiguelarcanjoitacare.com.br\/wp-content\/uploads\/2020\/08\/taboquinhas3.jpg\" data-link=\"https:\/\/saomiguelarcanjoitacare.com.br\/?attachment_id=591\" class=\"wp-image-591\" srcset=\"https:\/\/saomiguelarcanjoitacare.com.br\/wp-content\/uploads\/2020\/08\/taboquinhas3-1024x804.jpg 1024w, https:\/\/saomiguelarcanjoitacare.com.br\/wp-content\/uploads\/2020\/08\/taboquinhas3-300x236.jpg 300w, https:\/\/saomiguelarcanjoitacare.com.br\/wp-content\/uploads\/2020\/08\/taboquinhas3-768x603.jpg 768w, https:\/\/saomiguelarcanjoitacare.com.br\/wp-content\/uploads\/2020\/08\/taboquinhas3-1536x1206.jpg 1536w, https:\/\/saomiguelarcanjoitacare.com.br\/wp-content\/uploads\/2020\/08\/taboquinhas3-2048x1608.jpg 2048w\" sizes=\"auto, (max-width: 1024px) 100vw, 1024px\" \/><\/figure><\/li><li class=\"blocks-gallery-item\"><figure><img loading=\"lazy\" decoding=\"async\" width=\"1024\" height=\"682\" src=\"https:\/\/saomiguelarcanjoitacare.com.br\/wp-content\/uploads\/2020\/08\/taboquinhas4-1024x682.jpg\" alt=\"\" data-id=\"592\" data-full-url=\"https:\/\/saomiguelarcanjoitacare.com.br\/wp-content\/uploads\/2020\/08\/taboquinhas4-scaled.jpg\" data-link=\"https:\/\/saomiguelarcanjoitacare.com.br\/?attachment_id=592\" class=\"wp-image-592\" srcset=\"https:\/\/saomiguelarcanjoitacare.com.br\/wp-content\/uploads\/2020\/08\/taboquinhas4-1024x682.jpg 1024w, https:\/\/saomiguelarcanjoitacare.com.br\/wp-content\/uploads\/2020\/08\/taboquinhas4-300x200.jpg 300w, https:\/\/saomiguelarcanjoitacare.com.br\/wp-content\/uploads\/2020\/08\/taboquinhas4-768x512.jpg 768w, https:\/\/saomiguelarcanjoitacare.com.br\/wp-content\/uploads\/2020\/08\/taboquinhas4-1536x1024.jpg 1536w, https:\/\/saomiguelarcanjoitacare.com.br\/wp-content\/uploads\/2020\/08\/taboquinhas4-2048x1365.jpg 2048w\" sizes=\"auto, (max-width: 1024px) 100vw, 1024px\" \/><\/figure><\/li><\/ul><\/figure>\n\n\n\n<p class=\"has-medium-font-size\"><strong>FESTEJOS DO PADROEIRO EM 2020<\/strong><\/p>\n\n\n\n<p><br>Respeitando os protocolos de seguran\u00e7a por conta da pandemia do Covid 19, as novenas foram realizadas com n\u00famero de fi\u00e9is reduzido, no m\u00e1ximo 01 pessoa sentada em cada banco da igreja. O dia tradicional do padroeiro 07 de agosto, foi celebrada a missa em louvor \u00e0 Bom Jesus de Taboquinhas pelo P\u00e1roco da Par\u00f3quia S\u00e3o Miguel Arcanjo, Pe. Ubirajara Ramos com participa\u00e7\u00e3o do Di\u00e1cono da comunidade, Nelson Lira. Seguindo os protocolos de seguran\u00e7a, foi poss\u00edvel organizar duas pessoas sentadas nas extremidades de cada banco para dar possibilidade a mais devotos participar desse dia especial. Esteve presente o Prefeito do Munic\u00edpio de Itacar\u00e9, Sr. Ant\u00f4nio Damasceno, o Vice Prefeito Sr, Genilson Bonfim, e representando a C\u00e2mara de Vereadores o parlamentar Luis Fabiano. Ap\u00f3s a celebra\u00e7\u00e3o, a tradicional prociss\u00e3o com imagem do Bom Jesus que sempre foi conduzida pelo povo, esse ano foi substitu\u00edda por uma carreata, a passou pelas da localidade em carro aberto.<\/p>\n\n\n\n<figure class=\"wp-block-gallery columns-3 is-cropped wp-block-gallery-2 is-layout-flex wp-block-gallery-is-layout-flex\"><ul class=\"blocks-gallery-grid\"><li class=\"blocks-gallery-item\"><figure><img loading=\"lazy\" decoding=\"async\" width=\"728\" height=\"1024\" src=\"https:\/\/saomiguelarcanjoitacare.com.br\/wp-content\/uploads\/2020\/08\/taboquinhas5-728x1024.jpg\" alt=\"\" data-id=\"593\" data-full-url=\"https:\/\/saomiguelarcanjoitacare.com.br\/wp-content\/uploads\/2020\/08\/taboquinhas5-scaled.jpg\" data-link=\"https:\/\/saomiguelarcanjoitacare.com.br\/?attachment_id=593\" class=\"wp-image-593\" srcset=\"https:\/\/saomiguelarcanjoitacare.com.br\/wp-content\/uploads\/2020\/08\/taboquinhas5-728x1024.jpg 728w, https:\/\/saomiguelarcanjoitacare.com.br\/wp-content\/uploads\/2020\/08\/taboquinhas5-213x300.jpg 213w, https:\/\/saomiguelarcanjoitacare.com.br\/wp-content\/uploads\/2020\/08\/taboquinhas5-768x1081.jpg 768w, https:\/\/saomiguelarcanjoitacare.com.br\/wp-content\/uploads\/2020\/08\/taboquinhas5-1092x1536.jpg 1092w, https:\/\/saomiguelarcanjoitacare.com.br\/wp-content\/uploads\/2020\/08\/taboquinhas5-1455x2048.jpg 1455w, https:\/\/saomiguelarcanjoitacare.com.br\/wp-content\/uploads\/2020\/08\/taboquinhas5-scaled.jpg 1819w\" sizes=\"auto, (max-width: 728px) 100vw, 728px\" \/><\/figure><\/li><li class=\"blocks-gallery-item\"><figure><img loading=\"lazy\" decoding=\"async\" width=\"1024\" height=\"772\" src=\"https:\/\/saomiguelarcanjoitacare.com.br\/wp-content\/uploads\/2020\/08\/taboquinhas6-1024x772.jpg\" alt=\"\" data-id=\"594\" data-full-url=\"https:\/\/saomiguelarcanjoitacare.com.br\/wp-content\/uploads\/2020\/08\/taboquinhas6-scaled.jpg\" data-link=\"https:\/\/saomiguelarcanjoitacare.com.br\/?attachment_id=594\" class=\"wp-image-594\" srcset=\"https:\/\/saomiguelarcanjoitacare.com.br\/wp-content\/uploads\/2020\/08\/taboquinhas6-1024x772.jpg 1024w, https:\/\/saomiguelarcanjoitacare.com.br\/wp-content\/uploads\/2020\/08\/taboquinhas6-300x226.jpg 300w, https:\/\/saomiguelarcanjoitacare.com.br\/wp-content\/uploads\/2020\/08\/taboquinhas6-768x579.jpg 768w, https:\/\/saomiguelarcanjoitacare.com.br\/wp-content\/uploads\/2020\/08\/taboquinhas6-1536x1159.jpg 1536w, https:\/\/saomiguelarcanjoitacare.com.br\/wp-content\/uploads\/2020\/08\/taboquinhas6-2048x1545.jpg 2048w\" sizes=\"auto, (max-width: 1024px) 100vw, 1024px\" \/><\/figure><\/li><li class=\"blocks-gallery-item\"><figure><img loading=\"lazy\" decoding=\"async\" width=\"1024\" height=\"729\" src=\"https:\/\/saomiguelarcanjoitacare.com.br\/wp-content\/uploads\/2020\/08\/taboquinhas7-1024x729.jpg\" alt=\"\" data-id=\"595\" data-full-url=\"https:\/\/saomiguelarcanjoitacare.com.br\/wp-content\/uploads\/2020\/08\/taboquinhas7-scaled.jpg\" data-link=\"https:\/\/saomiguelarcanjoitacare.com.br\/?attachment_id=595\" class=\"wp-image-595\" srcset=\"https:\/\/saomiguelarcanjoitacare.com.br\/wp-content\/uploads\/2020\/08\/taboquinhas7-1024x729.jpg 1024w, https:\/\/saomiguelarcanjoitacare.com.br\/wp-content\/uploads\/2020\/08\/taboquinhas7-300x214.jpg 300w, https:\/\/saomiguelarcanjoitacare.com.br\/wp-content\/uploads\/2020\/08\/taboquinhas7-768x547.jpg 768w, https:\/\/saomiguelarcanjoitacare.com.br\/wp-content\/uploads\/2020\/08\/taboquinhas7-1536x1094.jpg 1536w, https:\/\/saomiguelarcanjoitacare.com.br\/wp-content\/uploads\/2020\/08\/taboquinhas7-2048x1458.jpg 2048w\" sizes=\"auto, (max-width: 1024px) 100vw, 1024px\" \/><\/figure><\/li><li class=\"blocks-gallery-item\"><figure><img loading=\"lazy\" decoding=\"async\" width=\"1024\" height=\"768\" src=\"https:\/\/saomiguelarcanjoitacare.com.br\/wp-content\/uploads\/2020\/08\/taboquinhas8-1024x768.jpg\" alt=\"\" data-id=\"596\" data-full-url=\"https:\/\/saomiguelarcanjoitacare.com.br\/wp-content\/uploads\/2020\/08\/taboquinhas8-scaled.jpg\" data-link=\"https:\/\/saomiguelarcanjoitacare.com.br\/?attachment_id=596\" class=\"wp-image-596\" srcset=\"https:\/\/saomiguelarcanjoitacare.com.br\/wp-content\/uploads\/2020\/08\/taboquinhas8-1024x768.jpg 1024w, https:\/\/saomiguelarcanjoitacare.com.br\/wp-content\/uploads\/2020\/08\/taboquinhas8-300x225.jpg 300w, https:\/\/saomiguelarcanjoitacare.com.br\/wp-content\/uploads\/2020\/08\/taboquinhas8-768x576.jpg 768w, https:\/\/saomiguelarcanjoitacare.com.br\/wp-content\/uploads\/2020\/08\/taboquinhas8-1536x1152.jpg 1536w, https:\/\/saomiguelarcanjoitacare.com.br\/wp-content\/uploads\/2020\/08\/taboquinhas8-2048x1536.jpg 2048w\" sizes=\"auto, (max-width: 1024px) 100vw, 1024px\" \/><\/figure><\/li><li class=\"blocks-gallery-item\"><figure><img loading=\"lazy\" decoding=\"async\" width=\"1024\" height=\"746\" src=\"https:\/\/saomiguelarcanjoitacare.com.br\/wp-content\/uploads\/2020\/08\/taboquinhas9-1024x746.jpg\" alt=\"\" data-id=\"597\" data-full-url=\"https:\/\/saomiguelarcanjoitacare.com.br\/wp-content\/uploads\/2020\/08\/taboquinhas9.jpg\" data-link=\"https:\/\/saomiguelarcanjoitacare.com.br\/?attachment_id=597\" class=\"wp-image-597\" srcset=\"https:\/\/saomiguelarcanjoitacare.com.br\/wp-content\/uploads\/2020\/08\/taboquinhas9-1024x746.jpg 1024w, https:\/\/saomiguelarcanjoitacare.com.br\/wp-content\/uploads\/2020\/08\/taboquinhas9-300x219.jpg 300w, https:\/\/saomiguelarcanjoitacare.com.br\/wp-content\/uploads\/2020\/08\/taboquinhas9-768x560.jpg 768w, https:\/\/saomiguelarcanjoitacare.com.br\/wp-content\/uploads\/2020\/08\/taboquinhas9-1536x1119.jpg 1536w, https:\/\/saomiguelarcanjoitacare.com.br\/wp-content\/uploads\/2020\/08\/taboquinhas9-2048x1492.jpg 2048w\" sizes=\"auto, (max-width: 1024px) 100vw, 1024px\" \/><\/figure><\/li><li class=\"blocks-gallery-item\"><figure><img loading=\"lazy\" decoding=\"async\" width=\"1024\" height=\"767\" src=\"https:\/\/saomiguelarcanjoitacare.com.br\/wp-content\/uploads\/2020\/08\/taboquinhas10-1024x767.jpg\" alt=\"\" data-id=\"598\" data-full-url=\"https:\/\/saomiguelarcanjoitacare.com.br\/wp-content\/uploads\/2020\/08\/taboquinhas10-scaled.jpg\" data-link=\"https:\/\/saomiguelarcanjoitacare.com.br\/?attachment_id=598\" class=\"wp-image-598\" srcset=\"https:\/\/saomiguelarcanjoitacare.com.br\/wp-content\/uploads\/2020\/08\/taboquinhas10-1024x767.jpg 1024w, https:\/\/saomiguelarcanjoitacare.com.br\/wp-content\/uploads\/2020\/08\/taboquinhas10-300x225.jpg 300w, https:\/\/saomiguelarcanjoitacare.com.br\/wp-content\/uploads\/2020\/08\/taboquinhas10-768x575.jpg 768w, https:\/\/saomiguelarcanjoitacare.com.br\/wp-content\/uploads\/2020\/08\/taboquinhas10-1536x1150.jpg 1536w, https:\/\/saomiguelarcanjoitacare.com.br\/wp-content\/uploads\/2020\/08\/taboquinhas10-2048x1533.jpg 2048w\" sizes=\"auto, (max-width: 1024px) 100vw, 1024px\" \/><\/figure><\/li><\/ul><\/figure>\n\n\n\n<p class=\"has-medium-font-size\"><strong>CAVALGADA DOS FESTEJOS DO BOM JESUS DE TABOQUINHAS<\/strong><\/p>\n\n\n\n<p><strong>Hist\u00f3ria:<\/strong> A 1\u00aa Cavalgada aconteceu em 2016 com a renda da venda das camisas e do show art\u00edstico revertida para conclus\u00e3o da constru\u00e7\u00e3o da Casa Paroquial. Tornou-se tradi\u00e7\u00e3o, o evento ganhou for\u00e7a com uma maior participa\u00e7\u00e3o de homens e mulheres montados, saindo do Povoado de \u00c1gua Fria at\u00e9 a Igreja de Bom Jesus para realiza\u00e7\u00e3o da missa campal.<\/p>\n\n\n\n<figure class=\"wp-block-gallery columns-4 is-cropped wp-block-gallery-3 is-layout-flex wp-block-gallery-is-layout-flex\"><ul class=\"blocks-gallery-grid\"><li class=\"blocks-gallery-item\"><figure><img loading=\"lazy\" decoding=\"async\" width=\"1024\" height=\"636\" src=\"https:\/\/saomiguelarcanjoitacare.com.br\/wp-content\/uploads\/2020\/08\/taboquinha10-1024x636.jpg\" alt=\"\" data-id=\"599\" data-full-url=\"https:\/\/saomiguelarcanjoitacare.com.br\/wp-content\/uploads\/2020\/08\/taboquinha10.jpg\" data-link=\"https:\/\/saomiguelarcanjoitacare.com.br\/?attachment_id=599\" class=\"wp-image-599\" srcset=\"https:\/\/saomiguelarcanjoitacare.com.br\/wp-content\/uploads\/2020\/08\/taboquinha10-1024x636.jpg 1024w, https:\/\/saomiguelarcanjoitacare.com.br\/wp-content\/uploads\/2020\/08\/taboquinha10-300x186.jpg 300w, https:\/\/saomiguelarcanjoitacare.com.br\/wp-content\/uploads\/2020\/08\/taboquinha10-768x477.jpg 768w, https:\/\/saomiguelarcanjoitacare.com.br\/wp-content\/uploads\/2020\/08\/taboquinha10.jpg 1188w\" sizes=\"auto, (max-width: 1024px) 100vw, 1024px\" \/><\/figure><\/li><li class=\"blocks-gallery-item\"><figure><img loading=\"lazy\" decoding=\"async\" width=\"1024\" height=\"683\" src=\"https:\/\/saomiguelarcanjoitacare.com.br\/wp-content\/uploads\/2020\/08\/taboquinhas11-1024x683.jpg\" alt=\"\" data-id=\"600\" data-full-url=\"https:\/\/saomiguelarcanjoitacare.com.br\/wp-content\/uploads\/2020\/08\/taboquinhas11.jpg\" data-link=\"https:\/\/saomiguelarcanjoitacare.com.br\/?attachment_id=600\" class=\"wp-image-600\" srcset=\"https:\/\/saomiguelarcanjoitacare.com.br\/wp-content\/uploads\/2020\/08\/taboquinhas11-1024x683.jpg 1024w, https:\/\/saomiguelarcanjoitacare.com.br\/wp-content\/uploads\/2020\/08\/taboquinhas11-300x200.jpg 300w, https:\/\/saomiguelarcanjoitacare.com.br\/wp-content\/uploads\/2020\/08\/taboquinhas11-768x512.jpg 768w, https:\/\/saomiguelarcanjoitacare.com.br\/wp-content\/uploads\/2020\/08\/taboquinhas11.jpg 1250w\" sizes=\"auto, (max-width: 1024px) 100vw, 1024px\" \/><\/figure><\/li><li class=\"blocks-gallery-item\"><figure><img loading=\"lazy\" decoding=\"async\" width=\"1024\" height=\"700\" src=\"https:\/\/saomiguelarcanjoitacare.com.br\/wp-content\/uploads\/2020\/08\/taboquinhas12-1024x700.jpg\" alt=\"\" data-id=\"601\" data-full-url=\"https:\/\/saomiguelarcanjoitacare.com.br\/wp-content\/uploads\/2020\/08\/taboquinhas12.jpg\" data-link=\"https:\/\/saomiguelarcanjoitacare.com.br\/?attachment_id=601\" class=\"wp-image-601\" srcset=\"https:\/\/saomiguelarcanjoitacare.com.br\/wp-content\/uploads\/2020\/08\/taboquinhas12-1024x700.jpg 1024w, https:\/\/saomiguelarcanjoitacare.com.br\/wp-content\/uploads\/2020\/08\/taboquinhas12-300x205.jpg 300w, https:\/\/saomiguelarcanjoitacare.com.br\/wp-content\/uploads\/2020\/08\/taboquinhas12-768x525.jpg 768w, https:\/\/saomiguelarcanjoitacare.com.br\/wp-content\/uploads\/2020\/08\/taboquinhas12-130x90.jpg 130w, https:\/\/saomiguelarcanjoitacare.com.br\/wp-content\/uploads\/2020\/08\/taboquinhas12.jpg 1250w\" sizes=\"auto, (max-width: 1024px) 100vw, 1024px\" \/><\/figure><\/li><li class=\"blocks-gallery-item\"><figure><img loading=\"lazy\" decoding=\"async\" width=\"1024\" height=\"748\" src=\"https:\/\/saomiguelarcanjoitacare.com.br\/wp-content\/uploads\/2020\/08\/taboquinhas13-1024x748.jpg\" alt=\"\" data-id=\"602\" data-full-url=\"https:\/\/saomiguelarcanjoitacare.com.br\/wp-content\/uploads\/2020\/08\/taboquinhas13-scaled.jpg\" data-link=\"https:\/\/saomiguelarcanjoitacare.com.br\/?attachment_id=602\" class=\"wp-image-602\" srcset=\"https:\/\/saomiguelarcanjoitacare.com.br\/wp-content\/uploads\/2020\/08\/taboquinhas13-1024x748.jpg 1024w, https:\/\/saomiguelarcanjoitacare.com.br\/wp-content\/uploads\/2020\/08\/taboquinhas13-300x219.jpg 300w, https:\/\/saomiguelarcanjoitacare.com.br\/wp-content\/uploads\/2020\/08\/taboquinhas13-768x561.jpg 768w, https:\/\/saomiguelarcanjoitacare.com.br\/wp-content\/uploads\/2020\/08\/taboquinhas13-1536x1122.jpg 1536w, https:\/\/saomiguelarcanjoitacare.com.br\/wp-content\/uploads\/2020\/08\/taboquinhas13-2048x1496.jpg 2048w\" sizes=\"auto, (max-width: 1024px) 100vw, 1024px\" \/><\/figure><\/li><\/ul><\/figure>\n\n\n\n<p><strong>CALVAGADA 2020<\/strong><\/p>\n\n\n\n<p>A 5\u00aa Edi\u00e7\u00e3o foi realizada no dia 26\/07 com os alerta por conta da Pandemia do Covid-19 como os protocolos de seguran\u00e7a e n\u00famero limitado de participantes.<\/p>\n\n\n\n<figure class=\"wp-block-gallery columns-2 is-cropped wp-block-gallery-4 is-layout-flex wp-block-gallery-is-layout-flex\"><ul class=\"blocks-gallery-grid\"><li class=\"blocks-gallery-item\"><figure><img loading=\"lazy\" decoding=\"async\" width=\"1024\" height=\"768\" src=\"https:\/\/saomiguelarcanjoitacare.com.br\/wp-content\/uploads\/2020\/08\/taboquinhas14-1024x768.jpg\" alt=\"\" data-id=\"603\" data-full-url=\"https:\/\/saomiguelarcanjoitacare.com.br\/wp-content\/uploads\/2020\/08\/taboquinhas14-scaled.jpg\" data-link=\"https:\/\/saomiguelarcanjoitacare.com.br\/?attachment_id=603\" class=\"wp-image-603\" srcset=\"https:\/\/saomiguelarcanjoitacare.com.br\/wp-content\/uploads\/2020\/08\/taboquinhas14-1024x768.jpg 1024w, https:\/\/saomiguelarcanjoitacare.com.br\/wp-content\/uploads\/2020\/08\/taboquinhas14-300x225.jpg 300w, https:\/\/saomiguelarcanjoitacare.com.br\/wp-content\/uploads\/2020\/08\/taboquinhas14-768x576.jpg 768w, https:\/\/saomiguelarcanjoitacare.com.br\/wp-content\/uploads\/2020\/08\/taboquinhas14-1536x1152.jpg 1536w, https:\/\/saomiguelarcanjoitacare.com.br\/wp-content\/uploads\/2020\/08\/taboquinhas14-2048x1536.jpg 2048w\" sizes=\"auto, (max-width: 1024px) 100vw, 1024px\" \/><\/figure><\/li><li class=\"blocks-gallery-item\"><figure><img loading=\"lazy\" decoding=\"async\" width=\"1024\" height=\"768\" src=\"https:\/\/saomiguelarcanjoitacare.com.br\/wp-content\/uploads\/2020\/08\/taboquinhas15-1024x768.jpg\" alt=\"\" data-id=\"604\" data-full-url=\"https:\/\/saomiguelarcanjoitacare.com.br\/wp-content\/uploads\/2020\/08\/taboquinhas15-scaled.jpg\" data-link=\"https:\/\/saomiguelarcanjoitacare.com.br\/?attachment_id=604\" class=\"wp-image-604\" srcset=\"https:\/\/saomiguelarcanjoitacare.com.br\/wp-content\/uploads\/2020\/08\/taboquinhas15-1024x768.jpg 1024w, https:\/\/saomiguelarcanjoitacare.com.br\/wp-content\/uploads\/2020\/08\/taboquinhas15-300x225.jpg 300w, https:\/\/saomiguelarcanjoitacare.com.br\/wp-content\/uploads\/2020\/08\/taboquinhas15-768x576.jpg 768w, https:\/\/saomiguelarcanjoitacare.com.br\/wp-content\/uploads\/2020\/08\/taboquinhas15-1536x1152.jpg 1536w, https:\/\/saomiguelarcanjoitacare.com.br\/wp-content\/uploads\/2020\/08\/taboquinhas15-2048x1536.jpg 2048w\" sizes=\"auto, (max-width: 1024px) 100vw, 1024px\" \/><\/figure><\/li><\/ul><\/figure>\n\n\n\n<p>Com o objetivo de manter a tradi\u00e7\u00e3o religiosa, beneficente e cultural a Par\u00f3quia de S\u00e3o Miguel Arcanjo, com a parceria de todos os anos da Prefeitura de Itacar\u00e9, realizou a V Cavalgada em Louvor ao Bom Jesus de Taboquinhas. A missa foi realizada \u00e0s 10:00h no interior da igreja com n\u00famero limitado de pessoas, no encerramento foi dada a ben\u00e7\u00e3o aos Cavalheiros e Amazonas que participaram da Cavalgada. <\/p>\n\n\n\n<div class=\"wp-block-image\"><figure class=\"alignleft size-large is-resized\"><img loading=\"lazy\" decoding=\"async\" src=\"https:\/\/saomiguelarcanjoitacare.com.br\/wp-content\/uploads\/2020\/08\/taboquinhas16-1-1024x768.jpg\" alt=\"\" class=\"wp-image-606\" width=\"470\" height=\"353\" srcset=\"https:\/\/saomiguelarcanjoitacare.com.br\/wp-content\/uploads\/2020\/08\/taboquinhas16-1-1024x768.jpg 1024w, https:\/\/saomiguelarcanjoitacare.com.br\/wp-content\/uploads\/2020\/08\/taboquinhas16-1-300x225.jpg 300w, https:\/\/saomiguelarcanjoitacare.com.br\/wp-content\/uploads\/2020\/08\/taboquinhas16-1-768x576.jpg 768w, https:\/\/saomiguelarcanjoitacare.com.br\/wp-content\/uploads\/2020\/08\/taboquinhas16-1-1536x1152.jpg 1536w, https:\/\/saomiguelarcanjoitacare.com.br\/wp-content\/uploads\/2020\/08\/taboquinhas16-1-2048x1536.jpg 2048w\" sizes=\"auto, (max-width: 470px) 100vw, 470px\" \/><\/figure><\/div>\n\n\n\n<p>Com o objetivo de manter a tradi\u00e7\u00e3o religiosa, beneficente e cultural a Par\u00f3quia de S\u00e3o Miguel Arcanjo, com a parceria de todos os anos da Prefeitura de Itacar\u00e9, realizou a V Cavalgada em Louvor ao Bom Jesus de Taboquinhas. A missa foi realizada \u00e0s 10:00h no interior da igreja com n\u00famero limitado de pessoas, no encerramento foi dada a b\u00ean\u00e7\u00e3o aos Cavalheiros e Amazonas que participaram da Cavalgada.<\/p>\n","protected":false},"excerpt":{"rendered":"<p>Itacar\u00e9 &#8211; Bahia &#8211; Brasil Hist\u00f3ria &#8211; A Igreja de Bom Jesus de Taboquinhas completou 70 anos de exist\u00eancia em<\/p>\n","protected":false},"author":3,"featured_media":0,"parent":0,"menu_order":0,"comment_status":"closed","ping_status":"closed","template":"","meta":{"colormag_page_layout":"default_layout","pagelayer_contact_templates":[],"_pagelayer_content":"","footnotes":""},"class_list":["post-586","page","type-page","status-publish","hentry"],"_links":{"self":[{"href":"https:\/\/saomiguelarcanjoitacare.com.br\/index.php?rest_route=\/wp\/v2\/pages\/586","targetHints":{"allow":["GET"]}}],"collection":[{"href":"https:\/\/saomiguelarcanjoitacare.com.br\/index.php?rest_route=\/wp\/v2\/pages"}],"about":[{"href":"https:\/\/saomiguelarcanjoitacare.com.br\/index.php?rest_route=\/wp\/v2\/types\/page"}],"author":[{"embeddable":true,"href":"https:\/\/saomiguelarcanjoitacare.com.br\/index.php?rest_route=\/wp\/v2\/users\/3"}],"replies":[{"embeddable":true,"href":"https:\/\/saomiguelarcanjoitacare.com.br\/index.php?rest_route=%2Fwp%2Fv2%2Fcomments&post=586"}],"version-history":[{"count":4,"href":"https:\/\/saomiguelarcanjoitacare.com.br\/index.php?rest_route=\/wp\/v2\/pages\/586\/revisions"}],"predecessor-version":[{"id":659,"href":"https:\/\/saomiguelarcanjoitacare.com.br\/index.php?rest_route=\/wp\/v2\/pages\/586\/revisions\/659"}],"wp:attachment":[{"href":"https:\/\/saomiguelarcanjoitacare.com.br\/index.php?rest_route=%2Fwp%2Fv2%2Fmedia&parent=586"}],"curies":[{"name":"wp","href":"https:\/\/api.w.org\/{rel}","templated":true}]}}