{"id":2,"date":"2020-04-30T15:02:58","date_gmt":"2020-04-30T15:02:58","guid":{"rendered":"http:\/\/saomiguelarcanjoitacare.com.br\/?page_id=2"},"modified":"2020-06-15T20:20:45","modified_gmt":"2020-06-15T20:20:45","slug":"sample-page","status":"publish","type":"page","link":"https:\/\/saomiguelarcanjoitacare.com.br\/?page_id=2","title":{"rendered":"Hist\u00f3ria"},"content":{"rendered":"\n<p>     <\/p>\n\n\n\n<p><\/p>\n\n\n\n<div class=\"wp-block-group\"><div class=\"wp-block-group__inner-container is-layout-flow wp-block-group-is-layout-flow\">\n<p>     Por volta do ano de 1720, o Jesu\u00edta Luis da Gr\u00e3 ergueu uma capela sob a invoca\u00e7\u00e3o de S\u00e3o Miguel, batizando a localidade com o nome de S\u00e3o Miguel da Barra do Rio de Contas.<br><\/p>\n<\/div><\/div>\n\n\n\n<p>     Ainda assim, o povoado s\u00f3 se tornaria um munic\u00edpio em 1732, por obra e gra\u00e7a da Condessa do Resende \u2013 Dona Maria Atha\u00edde e Castro. A Condessa era a donat\u00e1ria da capitania de Ilh\u00e9us e, em 26 de janeiro, elevou Itacar\u00e9 \u00e0 categoria de munic\u00edpio.<br><\/p>\n\n\n\n<p>     Os principais monumentos hist\u00f3ricos de Itacar\u00e9 s\u00e3o a Casa dos Jesu\u00edtas e a Igreja Matriz (1723), primeiro bem oficialmente tombado pelo Instituto do Patrim\u00f4nio Art\u00edstico e Cultural da Bahia (IPAC). Com quase 300 anos a igreja de Itacar\u00e9, cujo padroeiro \u00e9 S\u00e3o Miguel Arcanjo, disp\u00f5e de orat\u00f3rio rococ\u00f3, com imagens de S\u00e3o Miguel, S\u00e3o Sebasti\u00e3o, Santo Ant\u00f4nio e Senhor dos Passos. Em alvenaria mista, a edifica\u00e7\u00e3o tem capela-mor com sacristia, andar superior com coro, galeria e sala do consist\u00f3rio.<\/p>\n\n\n\n<figure class=\"wp-block-gallery columns-3 is-cropped wp-block-gallery-1 is-layout-flex wp-block-gallery-is-layout-flex\"><ul class=\"blocks-gallery-grid\"><li class=\"blocks-gallery-item\"><figure><img loading=\"lazy\" decoding=\"async\" width=\"604\" height=\"407\" src=\"http:\/\/saomiguelarcanjoitacare.com.br\/wp-content\/uploads\/2020\/06\/1001534_518016181652953_1813581269_n.jpg\" alt=\"\" data-id=\"80\" data-full-url=\"http:\/\/saomiguelarcanjoitacare.com.br\/wp-content\/uploads\/2020\/06\/1001534_518016181652953_1813581269_n.jpg\" data-link=\"http:\/\/saomiguelarcanjoitacare.com.br\/?attachment_id=80\" class=\"wp-image-80\" srcset=\"https:\/\/saomiguelarcanjoitacare.com.br\/wp-content\/uploads\/2020\/06\/1001534_518016181652953_1813581269_n.jpg 604w, https:\/\/saomiguelarcanjoitacare.com.br\/wp-content\/uploads\/2020\/06\/1001534_518016181652953_1813581269_n-300x202.jpg 300w, https:\/\/saomiguelarcanjoitacare.com.br\/wp-content\/uploads\/2020\/06\/1001534_518016181652953_1813581269_n-230x155.jpg 230w\" sizes=\"auto, (max-width: 604px) 100vw, 604px\" \/><\/figure><\/li><li class=\"blocks-gallery-item\"><figure><img loading=\"lazy\" decoding=\"async\" width=\"604\" height=\"315\" src=\"http:\/\/saomiguelarcanjoitacare.com.br\/wp-content\/uploads\/2020\/06\/1780681_518016221652949_1158376837_n.jpg\" alt=\"\" data-id=\"81\" data-full-url=\"http:\/\/saomiguelarcanjoitacare.com.br\/wp-content\/uploads\/2020\/06\/1780681_518016221652949_1158376837_n.jpg\" data-link=\"http:\/\/saomiguelarcanjoitacare.com.br\/?attachment_id=81\" class=\"wp-image-81\" srcset=\"https:\/\/saomiguelarcanjoitacare.com.br\/wp-content\/uploads\/2020\/06\/1780681_518016221652949_1158376837_n.jpg 604w, https:\/\/saomiguelarcanjoitacare.com.br\/wp-content\/uploads\/2020\/06\/1780681_518016221652949_1158376837_n-300x156.jpg 300w, https:\/\/saomiguelarcanjoitacare.com.br\/wp-content\/uploads\/2020\/06\/1780681_518016221652949_1158376837_n-230x120.jpg 230w\" sizes=\"auto, (max-width: 604px) 100vw, 604px\" \/><\/figure><\/li><li class=\"blocks-gallery-item\"><figure><img loading=\"lazy\" decoding=\"async\" width=\"604\" height=\"382\" src=\"http:\/\/saomiguelarcanjoitacare.com.br\/wp-content\/uploads\/2020\/06\/1797583_518016301652941_644380280_n.jpg\" alt=\"\" data-id=\"82\" data-full-url=\"http:\/\/saomiguelarcanjoitacare.com.br\/wp-content\/uploads\/2020\/06\/1797583_518016301652941_644380280_n.jpg\" data-link=\"http:\/\/saomiguelarcanjoitacare.com.br\/?attachment_id=82\" class=\"wp-image-82\" srcset=\"https:\/\/saomiguelarcanjoitacare.com.br\/wp-content\/uploads\/2020\/06\/1797583_518016301652941_644380280_n.jpg 604w, https:\/\/saomiguelarcanjoitacare.com.br\/wp-content\/uploads\/2020\/06\/1797583_518016301652941_644380280_n-300x190.jpg 300w, https:\/\/saomiguelarcanjoitacare.com.br\/wp-content\/uploads\/2020\/06\/1797583_518016301652941_644380280_n-230x145.jpg 230w\" sizes=\"auto, (max-width: 604px) 100vw, 604px\" \/><\/figure><\/li><li class=\"blocks-gallery-item\"><figure><img loading=\"lazy\" decoding=\"async\" width=\"604\" height=\"412\" src=\"http:\/\/saomiguelarcanjoitacare.com.br\/wp-content\/uploads\/2020\/06\/1977065_518016361652935_1982633928_n.jpg\" alt=\"\" data-id=\"84\" data-full-url=\"http:\/\/saomiguelarcanjoitacare.com.br\/wp-content\/uploads\/2020\/06\/1977065_518016361652935_1982633928_n.jpg\" data-link=\"http:\/\/saomiguelarcanjoitacare.com.br\/?attachment_id=84\" class=\"wp-image-84\" srcset=\"https:\/\/saomiguelarcanjoitacare.com.br\/wp-content\/uploads\/2020\/06\/1977065_518016361652935_1982633928_n.jpg 604w, https:\/\/saomiguelarcanjoitacare.com.br\/wp-content\/uploads\/2020\/06\/1977065_518016361652935_1982633928_n-300x205.jpg 300w, https:\/\/saomiguelarcanjoitacare.com.br\/wp-content\/uploads\/2020\/06\/1977065_518016361652935_1982633928_n-230x157.jpg 230w\" sizes=\"auto, (max-width: 604px) 100vw, 604px\" \/><\/figure><\/li><li class=\"blocks-gallery-item\"><figure><img loading=\"lazy\" decoding=\"async\" width=\"643\" height=\"407\" src=\"http:\/\/saomiguelarcanjoitacare.com.br\/wp-content\/uploads\/2020\/06\/Antiga-Laderia-da-Igreja.1-1.jpg\" alt=\"\" data-id=\"85\" data-full-url=\"http:\/\/saomiguelarcanjoitacare.com.br\/wp-content\/uploads\/2020\/06\/Antiga-Laderia-da-Igreja.1-1.jpg\" data-link=\"http:\/\/saomiguelarcanjoitacare.com.br\/?attachment_id=85\" class=\"wp-image-85\" srcset=\"https:\/\/saomiguelarcanjoitacare.com.br\/wp-content\/uploads\/2020\/06\/Antiga-Laderia-da-Igreja.1-1.jpg 643w, https:\/\/saomiguelarcanjoitacare.com.br\/wp-content\/uploads\/2020\/06\/Antiga-Laderia-da-Igreja.1-1-300x190.jpg 300w, https:\/\/saomiguelarcanjoitacare.com.br\/wp-content\/uploads\/2020\/06\/Antiga-Laderia-da-Igreja.1-1-230x146.jpg 230w\" sizes=\"auto, (max-width: 643px) 100vw, 643px\" \/><\/figure><\/li><li class=\"blocks-gallery-item\"><figure><img loading=\"lazy\" decoding=\"async\" width=\"643\" height=\"404\" src=\"http:\/\/saomiguelarcanjoitacare.com.br\/wp-content\/uploads\/2020\/06\/Antiga-Laderia-da-Igreja-1.jpg\" alt=\"\" data-id=\"86\" data-full-url=\"http:\/\/saomiguelarcanjoitacare.com.br\/wp-content\/uploads\/2020\/06\/Antiga-Laderia-da-Igreja-1.jpg\" data-link=\"http:\/\/saomiguelarcanjoitacare.com.br\/?attachment_id=86\" class=\"wp-image-86\" srcset=\"https:\/\/saomiguelarcanjoitacare.com.br\/wp-content\/uploads\/2020\/06\/Antiga-Laderia-da-Igreja-1.jpg 643w, https:\/\/saomiguelarcanjoitacare.com.br\/wp-content\/uploads\/2020\/06\/Antiga-Laderia-da-Igreja-1-300x188.jpg 300w, https:\/\/saomiguelarcanjoitacare.com.br\/wp-content\/uploads\/2020\/06\/Antiga-Laderia-da-Igreja-1-230x145.jpg 230w\" sizes=\"auto, (max-width: 643px) 100vw, 643px\" \/><\/figure><\/li><li class=\"blocks-gallery-item\"><figure><img loading=\"lazy\" decoding=\"async\" width=\"643\" height=\"404\" src=\"http:\/\/saomiguelarcanjoitacare.com.br\/wp-content\/uploads\/2020\/06\/Imagem-027-1.jpg\" alt=\"\" data-id=\"87\" data-full-url=\"http:\/\/saomiguelarcanjoitacare.com.br\/wp-content\/uploads\/2020\/06\/Imagem-027-1.jpg\" data-link=\"http:\/\/saomiguelarcanjoitacare.com.br\/?attachment_id=87\" class=\"wp-image-87\" srcset=\"https:\/\/saomiguelarcanjoitacare.com.br\/wp-content\/uploads\/2020\/06\/Imagem-027-1.jpg 643w, https:\/\/saomiguelarcanjoitacare.com.br\/wp-content\/uploads\/2020\/06\/Imagem-027-1-300x188.jpg 300w, https:\/\/saomiguelarcanjoitacare.com.br\/wp-content\/uploads\/2020\/06\/Imagem-027-1-230x145.jpg 230w\" sizes=\"auto, (max-width: 643px) 100vw, 643px\" \/><\/figure><\/li><li class=\"blocks-gallery-item\"><figure><img loading=\"lazy\" decoding=\"async\" width=\"643\" height=\"421\" src=\"http:\/\/saomiguelarcanjoitacare.com.br\/wp-content\/uploads\/2020\/06\/Imagem-037-1.jpg\" alt=\"\" data-id=\"88\" data-full-url=\"http:\/\/saomiguelarcanjoitacare.com.br\/wp-content\/uploads\/2020\/06\/Imagem-037-1.jpg\" data-link=\"http:\/\/saomiguelarcanjoitacare.com.br\/?attachment_id=88\" class=\"wp-image-88\" srcset=\"https:\/\/saomiguelarcanjoitacare.com.br\/wp-content\/uploads\/2020\/06\/Imagem-037-1.jpg 643w, https:\/\/saomiguelarcanjoitacare.com.br\/wp-content\/uploads\/2020\/06\/Imagem-037-1-300x196.jpg 300w, https:\/\/saomiguelarcanjoitacare.com.br\/wp-content\/uploads\/2020\/06\/Imagem-037-1-230x151.jpg 230w\" sizes=\"auto, (max-width: 643px) 100vw, 643px\" \/><\/figure><\/li><li class=\"blocks-gallery-item\"><figure><img loading=\"lazy\" decoding=\"async\" width=\"643\" height=\"390\" src=\"http:\/\/saomiguelarcanjoitacare.com.br\/wp-content\/uploads\/2020\/06\/Imagem-038-2.jpg\" alt=\"\" data-id=\"89\" data-full-url=\"http:\/\/saomiguelarcanjoitacare.com.br\/wp-content\/uploads\/2020\/06\/Imagem-038-2.jpg\" data-link=\"http:\/\/saomiguelarcanjoitacare.com.br\/?attachment_id=89\" class=\"wp-image-89\" srcset=\"https:\/\/saomiguelarcanjoitacare.com.br\/wp-content\/uploads\/2020\/06\/Imagem-038-2.jpg 643w, https:\/\/saomiguelarcanjoitacare.com.br\/wp-content\/uploads\/2020\/06\/Imagem-038-2-300x182.jpg 300w, https:\/\/saomiguelarcanjoitacare.com.br\/wp-content\/uploads\/2020\/06\/Imagem-038-2-230x140.jpg 230w\" sizes=\"auto, (max-width: 643px) 100vw, 643px\" \/><\/figure><\/li><li class=\"blocks-gallery-item\"><figure><img loading=\"lazy\" decoding=\"async\" width=\"643\" height=\"416\" src=\"http:\/\/saomiguelarcanjoitacare.com.br\/wp-content\/uploads\/2020\/06\/Imagem-079.jpg\" alt=\"\" data-id=\"90\" data-full-url=\"http:\/\/saomiguelarcanjoitacare.com.br\/wp-content\/uploads\/2020\/06\/Imagem-079.jpg\" data-link=\"http:\/\/saomiguelarcanjoitacare.com.br\/?attachment_id=90\" class=\"wp-image-90\" srcset=\"https:\/\/saomiguelarcanjoitacare.com.br\/wp-content\/uploads\/2020\/06\/Imagem-079.jpg 643w, https:\/\/saomiguelarcanjoitacare.com.br\/wp-content\/uploads\/2020\/06\/Imagem-079-300x194.jpg 300w, https:\/\/saomiguelarcanjoitacare.com.br\/wp-content\/uploads\/2020\/06\/Imagem-079-230x149.jpg 230w\" sizes=\"auto, (max-width: 643px) 100vw, 643px\" \/><\/figure><\/li><\/ul><\/figure>\n","protected":false},"excerpt":{"rendered":"<p>Por volta do ano de 1720, o Jesu\u00edta Luis da Gr\u00e3 ergueu uma capela sob a invoca\u00e7\u00e3o de S\u00e3o Miguel,<\/p>\n","protected":false},"author":3,"featured_media":79,"parent":0,"menu_order":0,"comment_status":"closed","ping_status":"open","template":"","meta":{"colormag_page_layout":"default_layout","pagelayer_contact_templates":[],"_pagelayer_content":"","footnotes":""},"class_list":["post-2","page","type-page","status-publish","has-post-thumbnail","hentry"],"_links":{"self":[{"href":"https:\/\/saomiguelarcanjoitacare.com.br\/index.php?rest_route=\/wp\/v2\/pages\/2","targetHints":{"allow":["GET"]}}],"collection":[{"href":"https:\/\/saomiguelarcanjoitacare.com.br\/index.php?rest_route=\/wp\/v2\/pages"}],"about":[{"href":"https:\/\/saomiguelarcanjoitacare.com.br\/index.php?rest_route=\/wp\/v2\/types\/page"}],"author":[{"embeddable":true,"href":"https:\/\/saomiguelarcanjoitacare.com.br\/index.php?rest_route=\/wp\/v2\/users\/3"}],"replies":[{"embeddable":true,"href":"https:\/\/saomiguelarcanjoitacare.com.br\/index.php?rest_route=%2Fwp%2Fv2%2Fcomments&post=2"}],"version-history":[{"count":12,"href":"https:\/\/saomiguelarcanjoitacare.com.br\/index.php?rest_route=\/wp\/v2\/pages\/2\/revisions"}],"predecessor-version":[{"id":111,"href":"https:\/\/saomiguelarcanjoitacare.com.br\/index.php?rest_route=\/wp\/v2\/pages\/2\/revisions\/111"}],"wp:featuredmedia":[{"embeddable":true,"href":"https:\/\/saomiguelarcanjoitacare.com.br\/index.php?rest_route=\/wp\/v2\/media\/79"}],"wp:attachment":[{"href":"https:\/\/saomiguelarcanjoitacare.com.br\/index.php?rest_route=%2Fwp%2Fv2%2Fmedia&parent=2"}],"curies":[{"name":"wp","href":"https:\/\/api.w.org\/{rel}","templated":true}]}}